t o(g) = -3*g**2 - 2*g + 1. Give o(v).
-7
Suppose -6 = 7*d - 20. Let k(l) = 4 - 2*l**2 - d*l**2 + 3*l**2 - 5*l. Calculate k(-7).
-10
Let r(b) = 2*b + 2. Suppose -4*n + 20 = -9*n + 5*f, 3*n + 3*f = -36. Let i(q) = 6*q + 5. Let s(v) = n*r(v) + 3*i(v). Calculate s(-2).
-5
Let m(h) = h**2 + 6*h + 3. Let q(a) = -a**2 - a + 1. Suppose 5 + 10 = 5*f. Suppose -6*i = -5*i + f. Let w be q(i). Calculate m(w).
-2
Let f(i) = -i**2 - 2*i + 6. Suppose -2*q + 5*q = 0, -3*s = -3*q - 45. Let g = -25 + s. Let t be (-196)/35 + (-6)/g. Determine f(t).
-9
Let z = 893 - 889. Let l(d) = -8*d**2 + 12*d - 1. Let k(p) = -17*p**2 + 25*p - 2. Let y(h) = -6*k(h) + 13*l(h). Determine y(z).
-9
Let r(l) be the second derivative of 0 - 3/2*l**3 + 0*l**2 - 44*l. Suppose 0 = 4*u + 8, 5*u = 3*g + 4*u - 5. Give r(g).
-9
Let p(m) = 7*m**3 - 4*m**2 + 2*m - 12. Let c(l) = 22*l**3 - 10*l**2 + 6*l - 36. Let a(d) = 6*c(d) - 19*p(d). Give a(16).
-20
Suppose -3*a + 5*q = 5, 0 = q + 2. Let c be 325/(-45) - (-8)/36. Let f(r) = 2*r - 8. Let l(t) = 3*t - 12. Let i(h) = c*f(h) + 5*l(h). What is i(a)?
-9
Let i(n) = -12*n**2 + n - 1. Let d = 49 - 48. What is i(d)?
-12
Let z(r) be the second derivative of r**4/12 + r**3/6 - 9*r**2/2 + 153*r. Determine z(-5).
11
Suppose -2 = -3*r + 19. Let i be r + -4 + (-2)/2. Let n(m) = 7*m - 1. Let o(z) = z. Let f(v) = -n(v) + 2*o(v). Give f(i).
-9
Let g(p) = p**2 + 14*p - 15. Let r be 3 + (-38)/14 + (-2052)/126. Calculate g(r).
17
Let f(x) = x**3 + 5*x**2 + 5*x + 1. Suppose 0 = 3*c - 7*c + 20. Suppose 0 = -2*m - 10, 0*n + 3*m = 5*n - 25. Suppose -c*u - n = 18. Give f(u).
-3
Let z = 765 - 770. Let s(u) be the first derivative of u**3/3 + 2*u**2 - u - 1. Give s(z).
4
Let m(j) be the first derivative of 0*j**3 + 1/4*j**4 + 15 - 1/2*j**2 - 16*j. What is m(0)?
-16
Let g(n) = -n**2 - 3*n + 924. Let d be g(-32). Let r(z) be the second derivative of z**5/20 + 5*z**4/12 + z**3 + 5*z**2/2 + z. Determine r(d).
-3
Let t(o) = o + 8. Let w = -208 + 82. Let j = 114 + w. Calculate t(j).
-4
Suppose 0 = -2*u + 4*z - 24, 5*z - 3 = 4*z. Let g(y) = 3*y - 1. Determine g(u).
-19
Let i(q) = q**3 + q**2 - 2*q + 1. Suppose -4*h - b + 0*b + 17 = 0, 5*b = -3*h + 34. Let m(a) = 10*a - 5*a - 6 - h*a. Let j be m(4). What is i(j)?
9
Let v(h) = h**2 + 3*h - 6. Let g be v(-3). Let k(o) = -o**3 - 6*o**2 + 2*o + 7. Calculate k(g).
-5
Let z(i) = -i**3 - 6*i**2 + 2*i - 5. Let a(c) = c**3 - 9*c**2 + 9*c. Let t be a(8). Suppose -3*w + t = -16. Suppose 12*v + 24 = w*v. Give z(v).
-17
Suppose 5*v - 2*v = -2*o + 15, 4*o = v + 9. Suppose -2*j = z, 5*z + 0*j - 14 = -v*j. Let m(d) = d**3 - 3*d**2 - 2*d - 3. What is m(z)?
5
Let i(b) = -9*b - 11*b + 4*b - 3 - b**2 + 0*b. What is i(-16)?
-3
Let o(l) = -1. Let q(g) = -1 - 90*g**2 + 96*g**2 - 2 + g. Let f(m) = -4*o(m) + q(m). Calculate f(-2).
23
Suppose 8*z = 22 - 6. Suppose 2*q - z = -12. Let d(j) = -j**2 + 3. Determine d(q).
-22
Let c(r) = -2*r**2 - 3*r + 1. Let t(x) = 73*x - 582. Let j be t(8). Determine c(j).
-13
Let t be (-8)/(-5)*60/144. Let u(n) be the second derivative of n**2 + 0 - 1/6*n**4 - 4*n + t*n**3 - 1/20*n**5. Determine u(-4).
18
Let i be (20/45)/((-24)/(-36)). Let y(w) be the second derivative of 0*w**3 + i*w**4 + 0 + 1/2*w**2 - 7*w. Give y(1).
9
Let q(w) be the second derivative of -w**3/6 - 2*w**2 + 4*w. Let x(n) = 4*n + 4. Let u be x(3). Suppose 7*b - 3*b = u. Give q(b).
-8
Let z(m) = 4*m + 14. Let l(w) = 17*w + 28. Let n be l(-2). What is z(n)?
-10
Let d = -111 - -114. Let z(k) = 6 + 11*k**2 - 3*k + 2*k**2 - 16*k**2 + k**d. Determine z(4).
10
Let o(i) = -9*i**3 - 26*i**2 + 13*i - 45. Let b(j) = -5*j**3 - 13*j**2 + 7*j - 23. Let r(k) = 11*b(k) - 6*o(k). What is r(13)?
4
Let w(i) = i**2 + 8*i + 8. Let s(m) = -8*m + 10. Let h be s(-9). Let a = 76 - h. Calculate w(a).
-4
Let p = -8 + 2. Let q(s) = -6*s + s**2 - 4*s - 2*s**2 + 3 + 3*s. Give q(p).
9
Let u(l) = 4*l**3 + 2*l**2 - 9*l + 90. Let d(q) = -q**3 + 4*q**2 + q - 1. Let v(w) = -5*d(w) - u(w). Calculate v(22).
3
Let a = 96 + -91. Let v(z) = 3*z**3 - 3*z**2 + 3. Let m(q) = -4*q**3 + 2*q**2 - 2. Let i(t) = 2*m(t) + 3*v(t). Calculate i(a).
5
Let k(d) = -d - 3. Let c(q) = -q - 22. Let j be c(-13). Determine k(j).
6
Let l(h) be the first derivative of -11 + 1/2*h**2 - 4*h. What is l(4)?
0
Suppose -3*d - 2*i = -6*i + 28, -2*i - 30 = 4*d. Let x(m) = m**2 + 8*m - 11. Calculate x(d).
-11
Let v be 42/(-28)*(-2)/1. Suppose 3*g - 5*g - v*s - 18 = 0, -g + 2*s = -5. Let d(p) = -p**2 - 2*p - 2. What is d(g)?
-5
Let f(n) = 14*n**3 - 8*n**2 + 7*n + 8. Let o(j) = 2*j**3 - j**2 + j + 1. Let h(w) = -f(w) + 6*o(w). Determine h(2).
-12
Let t(d) = d**2 - 13*d - 14. Let v be t(14). Let y(p) be the third derivative of p**5/60 - p**4/24 - p**3/6 + 35*p**2. Calculate y(v).
-1
Let r(z) = -796*z + 792*z - 90*z**3 + 4*z**2 + 1 + 89*z**3. Suppose 4*x + 0*o = -2*o + 10, 0 = 4*x + o - 11. What is r(x)?
-2
Let p(v) be the first derivative of -2*v**3/3 - v**2/2 - v + 622. What is p(3)?
-22
Let i(j) = 12*j**2 - 19 + 76 - 16 - 21 - 6 + j**3. Calculate i(-12).
14
Let w(n) = 2*n - 2. Suppose -4*j - 114 = 4*h - 2*h, j + 2*h = -33. Let s = -32 - j. Determine w(s).
-12
Let f = -49 + 44. Let o(k) = -k**2 + 0*k**2 + 2 + 2*k**2 + 4*k. Calculate o(f).
7
Suppose 5*m = -s + 76 - 23, -4*m = -2*s - 48. Suppose 4*l - m = -3. Let d(p) = -4*p**3 + 11*p**l - 2*p - 4*p**2 + 4 + 3*p**3 - 3*p. What is d(6)?
10
Suppose 12 = 3*y - 2*c, y = -y - c + 15. Let f(j) = j - 18. What is f(y)?
-12
Let d = -3 + 4. Let n(p) = 5*p. Let c be n(-1). Let r = d + c. Let f(k) = -k**2 - 2*k + 5. What is f(r)?
-3
Suppose 4*d = 5*s - 32, -2*s + 3*d + 16 = -1. Suppose -30 = -9*w + s*w. Let g(h) = h - w - 3*h + 0*h. What is g(-7)?
8
Let j(k) = 3*k + 6*k**2 + k**3 + 40 - 6 - 33. Give j(-6).
-17
Let c(w) = -2*w**3 - 4*w**2 - 8*w + 18. Let h(x) = -x**3 - 2*x**2 - 5*x + 10. Let k(d) = -4*c(d) + 7*h(d). What is k(-3)?
-2
Let b(z) be the first derivative of z**3/3 + 3*z**2/2 - 4*z - 5. Let d be b(-5). Suppose -34 + 4 = d*p. Let y(f) = f + 5. Determine y(p).
0
Let p(u) = -u**2 + 6*u - 7. Let x be p(4). Let f(h) = h**2 + h - 1. Let t(g) = 5*g**2 + 2*g - 3. Let d(y) = 2*f(y) - t(y). What is d(x)?
-2
Let k(o) = -o + 13. Let m = 248 + -237. Determine k(m).
2
Let m = 342 + -346. Let j(h) = -2 - 4 - 4*h + 3 + 5 + 3*h**2 + h**3. Calculate j(m).
2
Let y(k) = k**3 - 9*k**2 - k - 6. Let v = -1203 - -1212. Determine y(v).
-15
Let u(x) = -2*x**2 + 4*x - 2. Suppose -4 = -2*r - 0. Suppose 0 = b - c, r*b - 5*c + 8 = -b. Suppose 0 = 4*s - 2*y - b, -5*s + 5 + 11 = 3*y. Give u(s).
-2
Let q(m) = -4*m**3 - 11*m**2 - 6*m + 9. Let l(v) = -v**3 - v**2 - v + 1. Let p(k) = 5*l(k) - q(k). Calculate p(5).
26
Let x(g) = -33 + g**2 + 72 + g - 34. Determine x(0).
5
Let h(b) = 4 - 3*b - b**2 + 0*b**2 + b**3 - 4*b**2 + 2*b**2. What is h(3)?
-5
Let c(p) = 3*p + 2 - 4*p - p + 17 + 2. Calculate c(7).
7
Let v be (-8)/(-3)*(-9)/(-12). Suppose 0 = -5*m - v - 23. Let o(j) = j**2 + 3*j - 3. What is o(m)?
7
Let z(d) = -d**3 - 9*d**2 - d + 9. Suppose 8*s = -12*s - 180. Determine z(s).
18
Let a be 11 + 2 - 1 - 9. Let l(t) = -t**3 - t**2 - 2*t. Determine l(a).
-42
Let g(q) = -q**3 + 10*q**2 + 10*q + 22. Let x = -379 - -390. Give g(x).
11
Let d(i) = -2 + 3*i - 1 - 2*i + 0 - 10. What is d(8)?
-5
Suppose 133 = 4*n + 4*t + 21, 0 = -3*n - t + 82. Let g = 41 - n. Let z be (-31)/7 - (-6)/g. Let w(o) = -o - 3. Give w(z).
1
Let q(s) = s**2 + s. Let f(c) = 5*c**2 + 5*c. Let h(j) = -2*f(j) + 11*q(j). Let t be (-5)/(2/(-4) - -1). Let w = -7 - t. Determine h(w).
12
Let p(o) = -o**3 + 5*o**2 + 2*o + 5. Let f(j) = 2*j**3 - 9*j**2 - 5*j. Let w be f(5). Suppose -2*u + 2*m + 10 = w, 0 = 3*u - 5*u - 5*m + 17. Give p(u).
-19
Let w(y) = 5*y. Let m = 112 + -13. Suppose m - 33 = 3*k. Let i = 21 - k. Calculate w(i).
-5
Let s(f) = -2*f - 4. Let j = 69 + -68. Let a(n) = -6*n**2 + 1. Let y be a(j). Give s(y).
6
Suppose 3*d = -4*m + 19, 2*d - 5*m = d. Let n(v) = 3*v**3 + 10*v**2 - 3*v + 17. Let t(s) = s**3 + 5*s**2 - s + 7. Let f(x) = 2*n(x) - 5*t(x). Determine f(d).
-6
Let v(r) = -r. Let u = 45 - 27. Suppose -a + 6 = -2*k, k = -4*a + u - 3. Let l be ((-6)/k)/((-3)/2). Calculate v(l).
4
Let h(d) be the third derivative of d**4/8 + d**3/6 - 307*d**2. Give h(-2).
-5
Let g(n) be the third derivative of 5*n**4/8 + 114*n**2 + 3*n. Determine g(-4).